-5
-3 + 7 + -13 - (-5 + 0)
-4
Calculate -9 + (3 - -3) + 0.
-3
What is 1 + 1 + (4 - 5)?
1
What is 1 - 2 - (4 + 1 + -10)?
4
Calculate -3 + (0 - -1) + 4.
2
What is the value of -3 + 2 + 1 + -3?
-3
Evaluate 5 + (3 + (0 - 5) - -1).
4
What is the value of 1 + 1 - (-5 - -11)?
-4
(-11 - (-9 - (1 - 4))) + 3
-2
What is 1 + (-4 - 0 - -3) - 4?
-4
What is the value of (4 - 0) + (-1 - -1)?
4
What is the value of 12 + 6 + -14 - 4?
0
Calculate (-2 + 10 - 4) + 2 + -13.
-7
Calculate 11 + -5 + -3 - 5.
-2
Calculate 0 + (9 - 3) - 11.
-5
Evaluate 3 - (-3 - -9) - 2.
-5
What is the value of -3 + 2 + (1 - (-2 - -6))?
-4
What is the value of 3 - (-5 - (-3 - (1 + -2)))?
6
What is the value of (-1 - -2) + 92 + -101?
-8
Evaluate 11 + (2 - -1) + -9.
5
What is 9 - (19 + -11) - 10?
-9
Calculate 0 - -2 - (0 + 0 - -6).
-4
-7 - (2 + -5 - 7)
3
What is the value of (-10 - (-4 - -1)) + 2?
-5
-38 + 41 - (-2 + 8)
-3
Calculate (5 - (-2 - -4)) + -12 + 16.
7
Evaluate 16 + -14 + (-4 - 0).
-2
4 + (4 - 3) + -6
-1
Calculate -8 + (-8 - -19 - 0).
3
What is the value of 3 + (-2 - (3 + (0 - 7)))?
5
What is the value of -7 - (-7 - (2 + -2))?
0
What is the value of 3 + (-8 - 0) + 3?
-2
Calculate (1 - 6) + 6 + (-2 - 0).
-1
What is the value of -5 - (8 - (1 + (0 - -12)))?
0
Evaluate 10 - (-1 + 5) - 10.
-4
What is the value of 1 - 1 - (-1 + -5)?
6
Calculate (-6 - -9) + -3 + 2.
2
What is the value of 0 + (-4 + 2 + 7 - 1)?
4
What is (-8 - (-7 - -3)) + 1 + 9?
6
Evaluate 8 - 6 - (2 + 0).
0
Calculate -3 + 0 - (-1 + 0).
-2
What is the value of 18 + (-10 - -1) + -8?
1
5 - (4 + (-13 - -4) + 7)
3
What is 1 + -1 + (-24 - -20)?
-4
Calculate -2 - (14 + 0 - 15).
-1
Calculate (6 - (1 + 6)) + (-4 - -2).
-3
What is 15 + -3 - -4 - 12?
4
What is the value of -2 + (-3 - (6 - 15))?
4
What is -2 - ((1 - 4) + (-1 - 2))?
4
What is the value of -87 + 94 - (2 + 0)?
5
Calculate 20 - 8 - 10 - 4.
-2
(6 - 4) + (2 - (5 - 2))
1
Calculate (1 - 1) + 0 + -1 - 1.
-2
2 + 0 + 16 + -6 + -13
-1
Evaluate (2 - -3 - 8) + 13 + -5.
5
(-2 - -4) + (3 - 7)
-2
What is the value of 10 + -5 - (2 + 0 - -4)?
-1
-6 + -2 + (-4 - (1 + -9))
-4
Calculate (-13 - -20) + 0 + -6.
1
What is -1 - (0 + -6 + 9 + -2)?
-2
-3 + 4 + -1 - (5 - -4)
-9
-2 + 7 + -1 - (4 + -1)
1
What is the value of -1 + (-1 - (-5 + 9) - -10)?
4
Calculate (8 - 2 - (-8 - -8)) + -5.
1
Evaluate -2 - (-5 + 4 - -1).
-2
Evaluate (9 - (0 + 2)) + -1 + -4.
2
What is (9 - 6 - 12 - -6) + 9?
6
What is 3 - ((-15 - -13) + (9 - 2))?
-2
What is -4 + (1 - (4 - (-5 - -10)))?
-2
What is (-4 - (1 - -3)) + 3?
-5
What is the value of -2 + 2 + (-17 - -18)?
1
Calculate (5 - 2) + -12 - -4.
-5
Calculate 7 - (-2 + (-4 - -10)).
3
What is the value of (4 - (1 - 2)) + -2?
3
What is the value of (-23 - -28) + -1 + 1 + -2?
3
Calculate 2 - (-3 + (7 - -3)).
-5
Evaluate 0 - 6 - -3 - 1.
-4
What is the value of 1 - (4 - -2 - 4 - 1)?
0
What is the value of -3 - (1 - (-2 - (0 + -5)))?
-1
-41 - -40 - (-1 - 4)
4
What is -3 - (-3 + (-2 - -4 - 3))?
1
What is the value of -12 + 1 + (-26 - -42)?
5
Calculate -1 + (-2 - -5 - -4) - 3.
3
Calculate 1 + 1 - 0 - (-26 - -29).
-1
What is (-5 - -11) + -5 + (5 - 2)?
4
What is -16 + 15 + (2 - 3)?
-2
Calculate 5 + 4 - 7 - (3 + -3).
2
Evaluate 6 - (-1 + (2 - 4) + 6).
3
Evaluate -36 + 35 + 7 + 0.
6
Calculate 6 + -5 + (9 + -5 - 0).
5
What is the value of -1 + -1 - -5 - (-3 - -1)?
5
What is (-4 - (-1 + -4)) + (1 - 4)?
-2
(-5 - 0 - 8) + (8 - 1)
-6
Evaluate -5 - -4 - 3 - -7.
3
14 - 16 - (0 + -5)
3
-1 + -4 - (3 - 2)
-6
Evaluate 66 + -53 - (0 - 3 - -7).
9
What is the value of -3 + 0 + (-14 - -18) + -5?
-4
What is 1 + 0 + -3 + 3?
1
1 + -2 + (-1 - 1)
-3
Calculate (2 - 3 - -1) + 4.
4
What is the value of -3 + (-2 - 1) - -10?
4
What is 2 - ((-2 - -1 - 2) + 6)?
-1
What is the value of (3 - (18 - 11)) + 4?
0
What is the value of (4 - 1) + (17 - 21)?
-1
Calculate 1 - (3 - (-2 - (0 + -3))).
-1
What is 2 + 0 + (-4 + 8 - 12)?
-6
Calculate 2 - (4 + -10 - -7).
1
Evaluate (6 - 3) + -11 - -4.
-4
What is 0 - (1 - (1 + -4))?
-4
What is -5 + 0 - (8 - (-2 + 10))?
-5
Evaluate 82 + -82 + 4 + 0 + -1.
3
(-7 - -11) + 6 - 6
4
1 + -4 + 2 + 1 + -1
-1
What is the value of -6 - -10 - 1 - (4 + 2)?
-3
Evaluate (7 - (8 - 6)) + 3 - 8.
0
What is (-1 + 4 - 9) + (2 - -2)?
-2
Evaluate -2 + 4 - (33 - 26).
-5
Calculate (39 - 46) + (-1 - -15).
7
What is -24 + 3 + 15 - (-1 + -9)?
4
What is 8 - ((-6 - -2) + 8 - 0)?
4
Evaluate (3 - -3) + (-4 + 8 - 6).
4
Evaluate -3 + 3 + -1 + -3 + 2.
-2
What is 4 + -11 + 10 + -3 + -1?
-1
Calculate 0 + 1 + -3 + -2 + 2.
-2
Calculate -6 - (7 + -7 - 1).
-5
-2 + 0 - (-3 + -6 + 12)
-5
Calculate (-1 - -8) + (-4 + 4 - 2).
5
What is 10 - (-3 - -8) - 9?
-4
What is 4 + -7 + (11 - 5)?
3
What is the value of (-2 - (-1 + -9)) + -4?
4
What is the value of (9 - 26) + (6 - -2)?
-9
Calculate -11 + (2 - -1 - -2) - 0.
-6
What is the value of 20 - 17 - (-3 - 0)?
6
(-98 - -89) + 1 + 8
0
What is the value of 3 + -4 + 2 + 4?
5
What is -82 - -94 - (7 - 0)?
5
What is the value of 6 + -2 - (0 + -2)?
6
Calculate 0 + -3 + -2 - (-5 - 4).
4
-3 + 6 - 3 - -3 - 3
0
What is -1 + 4 + -3 - -1 - 2?
-1
-9 + 4 + 11 - (1 + 11)
-6
What is 2 - 3 - ((0 - -1) + -6)?
4
What is the value of (4 - 2 - -2) + (-2 - 0)?
2
What is -1 - (3 - 5 - 2) - -2?
5
What is the value of -7 + 1 + (5 + -3 - -3)?
-1
Evaluate -20 + (21 - 10) - -8.
-1
Evaluate -6 + (-2 - (6 + -4 - 5)).
-5
What is 4 - 6 - (3 - (17 + -3))?
9
(4 - 16 - -11) + -1 + 0
-2
What is the value of -4 + 0 + -2 + (4 - -6)?
4
Calculate (0 - 0) + 1 + -5 - -3.
-1
Evaluate -12 - 6 - (-16 + 6).
-8
8 + 0 + 19 + -26
1
Evaluate 1 + -11 + -1 + 6.
-5
Calculate -10 + 7 + (0 - (1 - 2)).
-2
What is -2 + -3 + 11 - (1 - 2)?
7
What is the value of -75 - -80 - (8 - (2 + -2))?
-3
What is 164 + -166 + -1 + (5 - 1)?
1
What is 8 - (9 - (0 + 2))?
1
(7 + -7 - -6) + -10
-4
What is 5 - ((-2 - 0) + 7)?
0
What is -1 + (-2 - 1) + 2?
-2
-37 - -34 - (1 - 2) - -1
-1
Evaluate (7 - 2 - (-6 + 8)) + -2.
1
Calculate (22 - 27) + 8 - (-4 - -1).
6
Evaluate 0 + 2 + (-16 - -5) + 4.
-5
What is (-2 - -3) + 8 + -7 - -2?
4
What is (0 + -2 - 4) + 6 - 5?
-5
Calculate -19 + 24 - (1 + 1).
3
What is the value of 1 + -3 + (5 - 9) - -4?
-2
What is 0 + -1 + (-69 - -65)?
-5
What is the value of -5 - (-7 - 5) - 4?
3
What is 0 - 0 - (-1 - (-5 - 4))?
-8
What is the value of 6 + 0 - (0 - -10)?
-4
5 - -3 - (2 + 0 + 3)
3
What is 8 + -3 - (1 - 4 - -3)?
5
Evaluate (-2 - -7) + -12 + 1 + 4.
-2
Evaluate 17 + -18 - (0 - 1).
0
(0 - (-4 + 7 - 1)) + -1
-3
Evaluate 2 + (-4 - (-4 - 4) - 2).
4
What is 6 - (-6 - -4) - 4?
4
What is 0 - (-1 + (3 - 4) + 2)?
0
What is the value of -113 + 104 + 1 + -2?
-10
Evaluate (7 - 10 - (-3 + -1)) + -1.
0
-3 + 9 + -3 + -5
-2
Calculate 3 + (-1 + 1 + -2 - 3).
-2
Calculate 7 + 0 - (2 - -1).
4
Evaluate 6 + -1 - (3 + 4).
-2
What is 4 + -11 - (2 - 5)?
-4
Evaluate 4 + 5 + (-12 - -10).
7
What is the value of 3 - -1 - (9 + -6)?
1
Evaluate (-3 - -3) + 0 + 1.
1
Calculate -5 + (7 - 9 - (-4 + 5)).
-8
8 + -8 + (1 - 1)
0
Evaluate 1 + 0 + -2 - 0.
-1
What is 0 + -4 + 4 + (-7 - -6)?
-1
Calculate 0 + 8 + (-51 - -37).
-6
What is -17 - -11 - 0 - (-11 + 1)?
4
Calculate 4 + 1 + -5 + 3.
3
-1 + -6 - ((-5 - -5) + -11)
4
Calculate 8 - (-1 + (1 - -4)).
4
(-9 - (-3 - -2) - -3) + 0
-5
(2 - -1 - 2) + -4 - 0
-3
69 + -74 + 1 + -2
-6
Calculate -6 - (2 + -4) - (-6 + -1).
3
(-4 - -1) + 0 - (208 + -206)
-5
Evaluate 9 + 10 + -9 + -5.
5
What is -8 + -3 + 6 + 0 - 4?
-9
(458 - 451) + (3 - 0 - 1)
9
Evaluate (2 - -4) + (1 - 3).
4
What is 6 - 1 - (-16 + 14 - -1)?
6
Calculate 4 + -9 + 9 + -6 + -1.
-3
What is 11 + -1 - (-45 - -58)?
-3
3 + 0 + (-29 - -25) - -1
0
What is -2 - (-3 + 7 - 6)?
0
Evaluate 0 - -3 - (2 + (5 - -1)).
-5
What is -7 - ((17 - 14) + (-1 - 3))?
-6
Evaluate -3 + 3 + -4 + 1.
-3
Calculate -39 + 42 - (4 + 0).
-1
(1 - (-5 - -10 - 10)) + 3
9
What is the value of -13 - -9 - (-2 + 0)?
-2
Evaluate -2 + (5 - 3 - -2).
2
(0 - (5 + 1)) + 3 - -1
-2
Evaluate 3 + 3 + -3 + (-3 - -2).
2
What is the value of -1 + -2 + 4 - (0 + 1)?
0
What is 6 + (-5 + 2 + 1 - -1)?
5
Calculate -3 + 4 + -4 - -5.
2
Evaluate 4 - -2 - (73 + -67).
0
What is the value of -3 - -10 - (1 + (-4 - -4))?
6
4 + -5 - 0 - (-4 + -1)
4
Calculate 0 - (1 - (6 + -1 - 5)).
-1
(0 - 4) + 6 + (-1 - 3)
-2
What is (-1 - -2 - -11) + -22?
-10
Calculate 2 + (-9 - -3) - 1.
-5
(-5 - 5) + 9 + 4
3
Calculate -1 + 6 - (12 - 13 - -4).
2
0 -